{"id":2498,"date":"2022-02-07T16:27:00","date_gmt":"2022-02-07T19:27:00","guid":{"rendered":"https:\/\/isfd84-bue.infd.edu.ar\/sitio\/?page_id=2498"},"modified":"2026-02-26T09:45:31","modified_gmt":"2026-02-26T12:45:31","slug":"vencimiento-de-cursadas","status":"publish","type":"page","link":"https:\/\/isfd84-bue.infd.edu.ar\/sitio\/vencimiento-de-cursadas\/","title":{"rendered":"Vencimiento de cursadas"},"content":{"rendered":"<p>La Direcci\u00f3n de Educaci\u00f3n Superior estableci\u00f3 que \u00ablos ciclos lectivos 2020-2021 no ser\u00e1n contabilizados entre los 5 a\u00f1os de vigencia de la acreditaci\u00f3n de la cursada definidos por el cap\u00edtulo III del R\u00e9gimen Acad\u00e9mico Marco (Res. 4043\/09)\u00bb<\/p>\n<p><img decoding=\"async\" loading=\"lazy\" class=\"size-full wp-image-4797 aligncenter\" src=\"https:\/\/isfd84-bue.infd.edu.ar\/sitio\/wp-content\/uploads\/2026\/02\/VENCIMIENTO-CURSADAS.png\" alt=\"\" width=\"785\" height=\"403\" srcset=\"https:\/\/isfd84-bue.infd.edu.ar\/sitio\/wp-content\/uploads\/2026\/02\/VENCIMIENTO-CURSADAS.png 785w, https:\/\/isfd84-bue.infd.edu.ar\/sitio\/wp-content\/uploads\/2026\/02\/VENCIMIENTO-CURSADAS-768x394.png 768w\" sizes=\"(max-width: 785px) 100vw, 785px\" \/><\/p>\n\n\n<p><\/p>\n","protected":false},"excerpt":{"rendered":"<p>La Direcci\u00f3n de Educaci\u00f3n Superior estableci\u00f3 que \u00ablos ciclos lectivos 2020-2021 no ser\u00e1n contabilizados entre los 5 a\u00f1os de vigencia de la acreditaci\u00f3n de la cursada definidos por el cap\u00edtulo III del R\u00e9gimen Acad\u00e9mico Marco (Res. 4043\/09)\u00bb<\/p>\n","protected":false},"author":1928,"featured_media":0,"parent":0,"menu_order":0,"comment_status":"closed","ping_status":"closed","template":"","meta":[],"acf":[],"_links":{"self":[{"href":"https:\/\/isfd84-bue.infd.edu.ar\/sitio\/wp-json\/wp\/v2\/pages\/2498"}],"collection":[{"href":"https:\/\/isfd84-bue.infd.edu.ar\/sitio\/wp-json\/wp\/v2\/pages"}],"about":[{"href":"https:\/\/isfd84-bue.infd.edu.ar\/sitio\/wp-json\/wp\/v2\/types\/page"}],"author":[{"embeddable":true,"href":"https:\/\/isfd84-bue.infd.edu.ar\/sitio\/wp-json\/wp\/v2\/users\/1928"}],"replies":[{"embeddable":true,"href":"https:\/\/isfd84-bue.infd.edu.ar\/sitio\/wp-json\/wp\/v2\/comments?post=2498"}],"version-history":[{"count":14,"href":"https:\/\/isfd84-bue.infd.edu.ar\/sitio\/wp-json\/wp\/v2\/pages\/2498\/revisions"}],"predecessor-version":[{"id":4798,"href":"https:\/\/isfd84-bue.infd.edu.ar\/sitio\/wp-json\/wp\/v2\/pages\/2498\/revisions\/4798"}],"wp:attachment":[{"href":"https:\/\/isfd84-bue.infd.edu.ar\/sitio\/wp-json\/wp\/v2\/media?parent=2498"}],"curies":[{"name":"wp","href":"https:\/\/api.w.org\/{rel}","templated":true}]}}