{"id":2775,"date":"2022-06-09T14:31:05","date_gmt":"2022-06-09T17:31:05","guid":{"rendered":"https:\/\/isfd84-bue.infd.edu.ar\/sitio\/?page_id=2775"},"modified":"2023-09-15T17:54:24","modified_gmt":"2023-09-15T20:54:24","slug":"galeria-institucional","status":"publish","type":"page","link":"https:\/\/isfd84-bue.infd.edu.ar\/sitio\/galeria-institucional\/","title":{"rendered":"Galer\u00eda Institucional"},"content":{"rendered":"<div id=\"carousel\" style=\"color: #764af1; padding-bottom: 22px; border: 1px black solid; background-color: #f2f2f2; height: auto;\">\n<h4 style=\"text-align: center;\">Carrusel de im\u00e1genes<\/h4>\n<div id=\"metaslider-id-2799\" style=\"max-width: 550px; margin: 0 auto;\" class=\"ml-slider-3-33-0 metaslider metaslider-nivo metaslider-2799 ml-slider ms-theme-default\" role=\"region\" aria-roledescription=\"Slideshow\" aria-label=\"Nueva presentaci\u00f3n de diapositivas\">\n    <div id=\"metaslider_container_2799\">\n        <div class='slider-wrapper theme-default'><div class='ribbon'><\/div><div id='metaslider_2799' class='nivoSlider'><img width=\"1000\" height=\"758\" src=\"https:\/\/isfd84-bue.infd.edu.ar\/sitio\/wp-content\/uploads\/2022\/05\/Logo_Carrousel.jpeg\" class=\"slider-2799 slide-2809\" alt=\"\" decoding=\"async\" loading=\"lazy\" data-caption=\"\" data-thumb=\"\" title=\"Logo_Carrousel\" rel=\"\" srcset=\"https:\/\/isfd84-bue.infd.edu.ar\/sitio\/wp-content\/uploads\/2022\/05\/Logo_Carrousel.jpeg 1000w, https:\/\/isfd84-bue.infd.edu.ar\/sitio\/wp-content\/uploads\/2022\/05\/Logo_Carrousel-768x582.jpeg 768w\" sizes=\"(max-width: 1000px) 100vw, 1000px\" \/><img width=\"1600\" height=\"1200\" src=\"https:\/\/isfd84-bue.infd.edu.ar\/sitio\/wp-content\/uploads\/2023\/11\/TFoexpresion1.jpeg\" class=\"slider-2799 slide-3890\" alt=\"\" decoding=\"async\" loading=\"lazy\" data-caption=\"&lt;h4 style=&quot;text-align: center;padding-top : 1px;margin-bottom:2px;font-family: cursive;color: #FF2400;font-size: 16px&quot;&gt;Muestra TFO Pr&aacute;cticas corporales expresivas&lt;\/h4&gt;\" data-thumb=\"\" title=\"TFoexpresion1\" rel=\"\" srcset=\"https:\/\/isfd84-bue.infd.edu.ar\/sitio\/wp-content\/uploads\/2023\/11\/TFoexpresion1.jpeg 1600w, https:\/\/isfd84-bue.infd.edu.ar\/sitio\/wp-content\/uploads\/2023\/11\/TFoexpresion1-1000x750.jpeg 1000w, https:\/\/isfd84-bue.infd.edu.ar\/sitio\/wp-content\/uploads\/2023\/11\/TFoexpresion1-768x576.jpeg 768w, https:\/\/isfd84-bue.infd.edu.ar\/sitio\/wp-content\/uploads\/2023\/11\/TFoexpresion1-1536x1152.jpeg 1536w\" sizes=\"(max-width: 1600px) 100vw, 1600px\" \/><img width=\"1239\" height=\"1105\" src=\"https:\/\/isfd84-bue.infd.edu.ar\/sitio\/wp-content\/uploads\/2023\/09\/Expoeducativa2.jpeg\" class=\"slider-2799 slide-3850\" alt=\"\" decoding=\"async\" loading=\"lazy\" data-caption=\"&lt;h4 style=&quot;text-align: center;padding-top : 1px;margin-bottom:2px;font-family: cursive;color: #FF2400;font-size: 16px&quot;&gt;Expo Educativa Regi&oacute;n 19&lt;\/h4&gt;\" data-thumb=\"\" title=\"Expoeducativa2\" rel=\"\" srcset=\"https:\/\/isfd84-bue.infd.edu.ar\/sitio\/wp-content\/uploads\/2023\/09\/Expoeducativa2.jpeg 1239w, https:\/\/isfd84-bue.infd.edu.ar\/sitio\/wp-content\/uploads\/2023\/09\/Expoeducativa2-1000x892.jpeg 1000w, https:\/\/isfd84-bue.infd.edu.ar\/sitio\/wp-content\/uploads\/2023\/09\/Expoeducativa2-768x685.jpeg 768w\" sizes=\"(max-width: 1239px) 100vw, 1239px\" \/><img width=\"1512\" height=\"1146\" src=\"https:\/\/isfd84-bue.infd.edu.ar\/sitio\/wp-content\/uploads\/2023\/09\/Abanderados1.jpeg\" class=\"slider-2799 slide-3854\" alt=\"\" decoding=\"async\" loading=\"lazy\" data-caption=\"&lt;h4 style=&quot;text-align: center;padding-top : 1px;margin-bottom:2px;font-family: cursive;color: #FF2400;font-size: 16px&quot;&gt;Abanderados institucionales.&lt;\/h4&gt;\" data-thumb=\"\" title=\"Abanderados1\" rel=\"\" srcset=\"https:\/\/isfd84-bue.infd.edu.ar\/sitio\/wp-content\/uploads\/2023\/09\/Abanderados1.jpeg 1512w, https:\/\/isfd84-bue.infd.edu.ar\/sitio\/wp-content\/uploads\/2023\/09\/Abanderados1-1000x758.jpeg 1000w, https:\/\/isfd84-bue.infd.edu.ar\/sitio\/wp-content\/uploads\/2023\/09\/Abanderados1-768x582.jpeg 768w\" sizes=\"(max-width: 1512px) 100vw, 1512px\" \/><img width=\"1244\" height=\"1092\" src=\"https:\/\/isfd84-bue.infd.edu.ar\/sitio\/wp-content\/uploads\/2023\/09\/Expoeducativa1.jpeg\" class=\"slider-2799 slide-3853\" alt=\"\" decoding=\"async\" loading=\"lazy\" data-caption=\"&lt;h4 style=&quot;text-align: center;padding-top : 1px;margin-bottom:2px;font-family: cursive;color: #FF2400;font-size: 16px&quot;&gt;Expo Educativa Regi&oacute;n 19&lt;\/h4&gt;\" data-thumb=\"\" title=\"Expoeducativa1\" rel=\"\" srcset=\"https:\/\/isfd84-bue.infd.edu.ar\/sitio\/wp-content\/uploads\/2023\/09\/Expoeducativa1.jpeg 1244w, https:\/\/isfd84-bue.infd.edu.ar\/sitio\/wp-content\/uploads\/2023\/09\/Expoeducativa1-1000x878.jpeg 1000w, https:\/\/isfd84-bue.infd.edu.ar\/sitio\/wp-content\/uploads\/2023\/09\/Expoeducativa1-768x674.jpeg 768w\" sizes=\"(max-width: 1244px) 100vw, 1244px\" \/><img width=\"1597\" height=\"1035\" src=\"https:\/\/isfd84-bue.infd.edu.ar\/sitio\/wp-content\/uploads\/2023\/09\/intercursos_publico.jpg\" class=\"slider-2799 slide-3857\" alt=\"\" decoding=\"async\" loading=\"lazy\" data-caption=\"&lt;h4 style=&quot;text-align: center;padding-top : 1px;margin-bottom:2px;font-family: cursive;color: #FF2400;font-size: 16px&quot;&gt;Jornada Recreativa Intercursos&lt;\/h4&gt;\" data-thumb=\"\" title=\"intercursos_publico\" rel=\"\" srcset=\"https:\/\/isfd84-bue.infd.edu.ar\/sitio\/wp-content\/uploads\/2023\/09\/intercursos_publico.jpg 1597w, https:\/\/isfd84-bue.infd.edu.ar\/sitio\/wp-content\/uploads\/2023\/09\/intercursos_publico-1000x648.jpg 1000w, https:\/\/isfd84-bue.infd.edu.ar\/sitio\/wp-content\/uploads\/2023\/09\/intercursos_publico-768x498.jpg 768w, https:\/\/isfd84-bue.infd.edu.ar\/sitio\/wp-content\/uploads\/2023\/09\/intercursos_publico-1536x995.jpg 1536w\" sizes=\"(max-width: 1597px) 100vw, 1597px\" \/><img width=\"1567\" height=\"905\" src=\"https:\/\/isfd84-bue.infd.edu.ar\/sitio\/wp-content\/uploads\/2023\/09\/intercursos_basquet.jpg\" class=\"slider-2799 slide-3856\" alt=\"\" decoding=\"async\" loading=\"lazy\" data-caption=\"&lt;h4 style=&quot;text-align: center;padding-top : 1px;margin-bottom:2px;font-family: cursive;color: #FF2400;font-size: 16px&quot;&gt;Jornada Recreativa Intercursos-B&aacute;squet&lt;\/h4&gt;\" data-thumb=\"\" title=\"intercursos_basquet\" rel=\"\" srcset=\"https:\/\/isfd84-bue.infd.edu.ar\/sitio\/wp-content\/uploads\/2023\/09\/intercursos_basquet.jpg 1567w, https:\/\/isfd84-bue.infd.edu.ar\/sitio\/wp-content\/uploads\/2023\/09\/intercursos_basquet-1000x578.jpg 1000w, https:\/\/isfd84-bue.infd.edu.ar\/sitio\/wp-content\/uploads\/2023\/09\/intercursos_basquet-768x444.jpg 768w, https:\/\/isfd84-bue.infd.edu.ar\/sitio\/wp-content\/uploads\/2023\/09\/intercursos_basquet-1536x887.jpg 1536w\" sizes=\"(max-width: 1567px) 100vw, 1567px\" \/><img width=\"1187\" height=\"467\" src=\"https:\/\/isfd84-bue.infd.edu.ar\/sitio\/wp-content\/uploads\/2023\/09\/intercursos_futbol.jpg\" class=\"slider-2799 slide-3855\" alt=\"\" decoding=\"async\" loading=\"lazy\" data-caption=\"&lt;h4 style=&quot;text-align: center;padding-top : 1px;margin-bottom:2px;font-family: cursive;color: #FF2400;font-size: 16px&quot;&gt;Jornada Recreativa Intercursos-F&uacute;tbol&lt;\/h4&gt;\" data-thumb=\"\" title=\"intercursos_futbol\" rel=\"\" srcset=\"https:\/\/isfd84-bue.infd.edu.ar\/sitio\/wp-content\/uploads\/2023\/09\/intercursos_futbol.jpg 1187w, https:\/\/isfd84-bue.infd.edu.ar\/sitio\/wp-content\/uploads\/2023\/09\/intercursos_futbol-1000x393.jpg 1000w, https:\/\/isfd84-bue.infd.edu.ar\/sitio\/wp-content\/uploads\/2023\/09\/intercursos_futbol-768x302.jpg 768w\" sizes=\"(max-width: 1187px) 100vw, 1187px\" \/><img width=\"1600\" height=\"1200\" src=\"https:\/\/isfd84-bue.infd.edu.ar\/sitio\/wp-content\/uploads\/2023\/07\/WhatsApp-Image-2023-06-30-at-17.06.50-1.jpeg\" class=\"slider-2799 slide-3306\" alt=\"\" decoding=\"async\" loading=\"lazy\" data-caption=\"&lt;h4 style=&quot;text-align: center;padding-top : 1px;margin-bottom:2px;font-family: cursive;color: #FF2400;font-size: 14px&quot;&gt;Comunidad educativa acompa&ntilde;ando los talleres de formaci&oacute;n en perspectiva de g&eacute;nero en el marco de la Ley Micaela &lt;\/h4&gt;\" data-thumb=\"\" title=\"WhatsApp Image 2023-06-30 at 17.06.50 (1)\" rel=\"\" srcset=\"https:\/\/isfd84-bue.infd.edu.ar\/sitio\/wp-content\/uploads\/2023\/07\/WhatsApp-Image-2023-06-30-at-17.06.50-1.jpeg 1600w, https:\/\/isfd84-bue.infd.edu.ar\/sitio\/wp-content\/uploads\/2023\/07\/WhatsApp-Image-2023-06-30-at-17.06.50-1-1000x750.jpeg 1000w, https:\/\/isfd84-bue.infd.edu.ar\/sitio\/wp-content\/uploads\/2023\/07\/WhatsApp-Image-2023-06-30-at-17.06.50-1-768x576.jpeg 768w, https:\/\/isfd84-bue.infd.edu.ar\/sitio\/wp-content\/uploads\/2023\/07\/WhatsApp-Image-2023-06-30-at-17.06.50-1-1536x1152.jpeg 1536w\" sizes=\"(max-width: 1600px) 100vw, 1600px\" \/><img width=\"1600\" height=\"1200\" src=\"https:\/\/isfd84-bue.infd.edu.ar\/sitio\/wp-content\/uploads\/2023\/07\/Charla-Pablo-Scharagrodsky.jpeg\" class=\"slider-2799 slide-3304\" alt=\"\" decoding=\"async\" loading=\"lazy\" data-caption=\"&lt;h4 style=&quot;text-align: center;padding-top : 1px;margin-bottom:2px;font-family: cursive;color: #FF2400;font-size: 14px&quot;&gt;Perspectiva de g&eacute;nero en el &aacute;mbito de la educaci&oacute;n f&iacute;sica y el deporte&lt;\/h4&gt;\" data-thumb=\"\" title=\"Charla Pablo Scharagrodsky\" rel=\"\" srcset=\"https:\/\/isfd84-bue.infd.edu.ar\/sitio\/wp-content\/uploads\/2023\/07\/Charla-Pablo-Scharagrodsky.jpeg 1600w, https:\/\/isfd84-bue.infd.edu.ar\/sitio\/wp-content\/uploads\/2023\/07\/Charla-Pablo-Scharagrodsky-1000x750.jpeg 1000w, https:\/\/isfd84-bue.infd.edu.ar\/sitio\/wp-content\/uploads\/2023\/07\/Charla-Pablo-Scharagrodsky-768x576.jpeg 768w, https:\/\/isfd84-bue.infd.edu.ar\/sitio\/wp-content\/uploads\/2023\/07\/Charla-Pablo-Scharagrodsky-1536x1152.jpeg 1536w\" sizes=\"(max-width: 1600px) 100vw, 1600px\" \/><img width=\"1200\" height=\"1600\" src=\"https:\/\/isfd84-bue.infd.edu.ar\/sitio\/wp-content\/uploads\/2023\/07\/Pablo-Scharagrodsky.jpeg\" class=\"slider-2799 slide-3294\" alt=\"\" decoding=\"async\" loading=\"lazy\" data-caption=\"&lt;h4 style=&quot;text-align: center;padding-top : 1px;margin-bottom:2px;font-family: cursive;color: #FF2400;font-size: 16px&quot;&gt;Taller a cargo del docente Pablo Scharagrodsky&lt;\/h4&gt;\" data-thumb=\"\" title=\"Pablo Scharagrodsky\" rel=\"\" srcset=\"https:\/\/isfd84-bue.infd.edu.ar\/sitio\/wp-content\/uploads\/2023\/07\/Pablo-Scharagrodsky.jpeg 1200w, https:\/\/isfd84-bue.infd.edu.ar\/sitio\/wp-content\/uploads\/2023\/07\/Pablo-Scharagrodsky-750x1000.jpeg 750w, https:\/\/isfd84-bue.infd.edu.ar\/sitio\/wp-content\/uploads\/2023\/07\/Pablo-Scharagrodsky-768x1024.jpeg 768w, https:\/\/isfd84-bue.infd.edu.ar\/sitio\/wp-content\/uploads\/2023\/07\/Pablo-Scharagrodsky-1152x1536.jpeg 1152w\" sizes=\"(max-width: 1200px) 100vw, 1200px\" \/><img width=\"424\" height=\"600\" src=\"https:\/\/isfd84-bue.infd.edu.ar\/sitio\/wp-content\/uploads\/2023\/07\/Unidades-perpectiva-de-genero-e1688416793128.jpeg\" class=\"slider-2799 slide-3359\" alt=\"\" decoding=\"async\" loading=\"lazy\" data-caption=\"\" data-thumb=\"\" title=\"Unidades perpectiva de genero\" rel=\"\" \/><img width=\"1600\" height=\"1200\" src=\"https:\/\/isfd84-bue.infd.edu.ar\/sitio\/wp-content\/uploads\/2023\/07\/Charla-Silvia-Rovira-1.jpeg\" class=\"slider-2799 slide-3416\" alt=\"\" decoding=\"async\" loading=\"lazy\" data-caption=\"&lt;h4 style=&quot;text-align: center;padding-top : 1px;margin-bottom:2px;font-family: cursive;color: #FF2400;font-size: 14px&quot;&gt;Lic. en Psicolog&iacute;a Silvia Rovira a cargo del segundo taller sobre la formaci&oacute;n en perspectiva de g&eacute;nero.&lt;\/h4&gt;\" data-thumb=\"\" title=\"Charla Silvia Rovira\" rel=\"\" srcset=\"https:\/\/isfd84-bue.infd.edu.ar\/sitio\/wp-content\/uploads\/2023\/07\/Charla-Silvia-Rovira-1.jpeg 1600w, https:\/\/isfd84-bue.infd.edu.ar\/sitio\/wp-content\/uploads\/2023\/07\/Charla-Silvia-Rovira-1-1000x750.jpeg 1000w, https:\/\/isfd84-bue.infd.edu.ar\/sitio\/wp-content\/uploads\/2023\/07\/Charla-Silvia-Rovira-1-768x576.jpeg 768w, https:\/\/isfd84-bue.infd.edu.ar\/sitio\/wp-content\/uploads\/2023\/07\/Charla-Silvia-Rovira-1-1536x1152.jpeg 1536w\" sizes=\"(max-width: 1600px) 100vw, 1600px\" \/><img width=\"424\" height=\"600\" src=\"https:\/\/isfd84-bue.infd.edu.ar\/sitio\/wp-content\/uploads\/2023\/07\/Foramacion-en-perspectiva-de-genero-e1688417551205.jpeg\" class=\"slider-2799 slide-3355\" alt=\"\" decoding=\"async\" loading=\"lazy\" data-caption=\"\" data-thumb=\"\" title=\"Foramacion en perspectiva de genero\" rel=\"\" \/><img width=\"1600\" height=\"1200\" src=\"https:\/\/isfd84-bue.infd.edu.ar\/sitio\/wp-content\/uploads\/2023\/07\/Trueba.jpeg\" class=\"slider-2799 slide-3353\" alt=\"\" decoding=\"async\" loading=\"lazy\" data-caption=\"&lt;h4 style=&quot;text-align: center;padding-top : 1px;margin-bottom:2px;font-family: cursive;color: #FF2400;font-size: 14px&quot;&gt;Prof. Sebasti&aacute;n Trueba encabezando la presentaci&oacute;n del libro de investigaci&oacute;n &quot;Florecer en el encierro&quot; financiado por el INFOD&lt;\/h4&gt;\" data-thumb=\"\" title=\"Trueba\" rel=\"\" srcset=\"https:\/\/isfd84-bue.infd.edu.ar\/sitio\/wp-content\/uploads\/2023\/07\/Trueba.jpeg 1600w, https:\/\/isfd84-bue.infd.edu.ar\/sitio\/wp-content\/uploads\/2023\/07\/Trueba-1000x750.jpeg 1000w, https:\/\/isfd84-bue.infd.edu.ar\/sitio\/wp-content\/uploads\/2023\/07\/Trueba-768x576.jpeg 768w, https:\/\/isfd84-bue.infd.edu.ar\/sitio\/wp-content\/uploads\/2023\/07\/Trueba-1536x1152.jpeg 1536w\" sizes=\"(max-width: 1600px) 100vw, 1600px\" \/><img width=\"1600\" height=\"1200\" src=\"https:\/\/isfd84-bue.infd.edu.ar\/sitio\/wp-content\/uploads\/2023\/07\/Presentacion-libro-de-investigacion.jpeg\" class=\"slider-2799 slide-3357\" alt=\"\" decoding=\"async\" loading=\"lazy\" data-caption=\"&lt;h4 style=&quot;text-align: center;padding-top : 1px;margin-bottom:2px;font-family: cursive;color: #FF2400;font-size: 14px&quot;&gt;Jefa de &Aacute;rea Prof. Paula Duhalde parte del proceso de investigaci&oacute;n y redacci&oacute;n del libro &quot;Florecer en el encierro&quot;. La peque&ntilde;a Editorial &lt;\/h4&gt;\" data-thumb=\"\" title=\"Presentacion libro de investigacion\" rel=\"\" srcset=\"https:\/\/isfd84-bue.infd.edu.ar\/sitio\/wp-content\/uploads\/2023\/07\/Presentacion-libro-de-investigacion.jpeg 1600w, https:\/\/isfd84-bue.infd.edu.ar\/sitio\/wp-content\/uploads\/2023\/07\/Presentacion-libro-de-investigacion-1000x750.jpeg 1000w, https:\/\/isfd84-bue.infd.edu.ar\/sitio\/wp-content\/uploads\/2023\/07\/Presentacion-libro-de-investigacion-768x576.jpeg 768w, https:\/\/isfd84-bue.infd.edu.ar\/sitio\/wp-content\/uploads\/2023\/07\/Presentacion-libro-de-investigacion-1536x1152.jpeg 1536w\" sizes=\"(max-width: 1600px) 100vw, 1600px\" \/><img width=\"600\" height=\"800\" src=\"https:\/\/isfd84-bue.infd.edu.ar\/sitio\/wp-content\/uploads\/2023\/07\/Ingreso-84-e1688417143621.jpeg\" class=\"slider-2799 slide-2815\" alt=\"\" decoding=\"async\" loading=\"lazy\" data-caption=\"&lt;h4 style=&quot;text-align: center;padding-top : 1px;margin-bottom:2px;font-family: cursive;color: #FF2400;font-size: 16px&quot;&gt;Bienvenida aspirantes a la carrera Profesorado en EF&lt;\/h4&gt;\" data-thumb=\"\" title=\"Ingreso 84\" rel=\"\" \/><\/div><\/div>\n        \n    <\/div>\n<\/div>\n<\/div>\n<hr>\n<div style=\"border: 1px black solid; ; background-color: #764af1;\">\n<h4 style=\"text-align: center; color: #f2f2f2;\">Historial de actividades institucionales<\/h4>\n<\/div>\n\n\n<pre class=\"wp-block-preformatted\" style =\"background-color:rgb(255, 140, 50);display: flex; justify-content: space-evenly; align-items: center; col-6; width : auto; height : 40%;\"><h4 style=\"text-align: center;\">Inicio de ciclo lectivo 2023<\/h4> <p style=\"text-align: center;\"> Posterior a las charlas informativas para aspirantes a la carrera, el llamado de mesas de examen y la rematriculaci\u00f3n, el d\u00eda 10 de abril comienza el ciclo lectivo 2023 con m\u00e1s de 950 estudiantes matriculados.<p\/> <\/pre>\n\n\n\n<pre class=\"wp-block-preformatted\" style =\"background-color:rgb(254, 194, 96);width : auto; height : 40%;\"><h4 style=\"text-align: center;\">Formaci\u00f3n en perspectiva de g\u00e9nero<\/h4> <p style=\"text-align: center;\">El instituto hizo de sede para albergar tres encuentros que sirvieron para informar, compartir y debatir sobre temas de perspectiva de genero en el marco de la ley Micaela.<p\/> <\/pre>\n\n\n\n<pre class=\"wp-block-preformatted\" style =\"background-color:rgb(218, 247, 166) ;display: flex; justify-content: space-evenly; align-items: center; col-6; width : auto; height : 40%;\"><h4 style=\"text-align: center;\">Perspectiva de g\u00e9nero y marco normativo<\/h4><p style=\"text-align: center;\">Lic. en Psicolog\u00eda Silvia Rovira brindo una charla sobre conductas y comportamientos en roles y estereotipos de g\u00e9nero.\n<p\/> <\/pre>\n\n\n\n<pre class=\"wp-block-preformatted\" style =\"background-color:rgb(211, 155, 143);width : auto; height : 40%;\"><h4 style=\"text-align: center;\">Perspectiva de g\u00e9nero en el rol docente<\/h4> <p style=\"text-align: center;\"> El profesor en Educaci\u00f3n F\u00edsica Pablo Scharagrodsky nos visito desde la ciudad de La Plata para compartir y conversar sobre perspectiva de g\u00e9nero en el \u00e1mbito de la educaci\u00f3n f\u00edsica y el deporte. <p\/> <\/pre>\n\n\n\n<pre class=\"wp-block-preformatted\" style =\"background-color:rgb(159, 243, 81) ;display: flex; justify-content: space-evenly; align-items: center; col-6; width : auto; height : 40%;\"><h4 style=\"text-align: center;\">Acto en el Payr\u00f3<\/h4><p style=\"text-align: center;\"> Fue en la sala del Teatro donde se celebro el d\u00eda de la bandera nacional con la participaci\u00f3n de gran parte de la comunidad educativa. Se aprovecho el espacio para hacer la presentaci\u00f3n de la revista digital <a href=\"https:\/\/isfd84-bue.infd.edu.ar\/sitio\/ideas-84-revista-digital\/\" target=\"_blank\" rel=\"noopener\">\"IDEAS84\"<\/a> y el libro del trabajo de investigaci\u00f3n INFOD titulado \"Florecer en el encierro\" (2023) La peque\u00f1a editorial. Relatos de una investigaci\u00f3n en la formaci\u00f3n docente pospand\u00e9mica .\n<p\/> <\/pre>\n\n\n\n<pre class=\"wp-block-preformatted\" style =\"background-color:rgb(199, 211, 111) ;display: flex; justify-content: space-evenly; align-items: center; col-6; width : auto; height : 40%;\"><h5 style=\"text-align: center;\">Fortalecimiento Institucional<\/h5><p style=\"text-align: center;\">Con el apoyo de toda la comunidad educativa se construy\u00f3 un espacio para la construcci\u00f3n de soluciones a problem\u00e1ticas que se presenten durante las trayectorias de los y las estudiantes.\n<a style=\"text-align: center\"; href=\"#video_fortalecimiento\" rel=\"noopener\">Enlace a Video<\/a><\/p>\n<p\/> <\/pre>\n\n\n\n<pre class=\"wp-block-preformatted\" style =\"background-color:rgb(255, 195, 0);width : auto; height : 20%;\"><h4 style=\"text-align: center;\">Expo Educativa Regi\u00f3n 19<\/h4> <p style=\"text-align: center;\"> Agradecemos a los\/as estudiantes que colaboraron en la exposici\u00f3n educativa regional mostrando la carrera Profesorado de Educaci\u00f3n F\u00edsica. <p\/> <\/pre>\n\n\n\n<pre class=\"wp-block-preformatted\" style =\"background-color:rgb(0, 128, 128) ;display: flex; justify-content: space-evenly; align-items: center; col-6; width : auto; height : 40%;\"><h4 style=\"text-align: center;\">Jornada Recreativa Intercursos<\/h4><p style=\"text-align: center;\">Felicitamos a los organizadores de la Jornada Recreativa Intercursos por el esfuerzo realizado (centro de estudiantes, cooperadora, Profesor Gustavo Marcos).\nAgradecemos a los\/as estudiantes que participaron conservando el esp\u00edritu formativo de la propuesta.\n<p\/> <\/pre>\n\n\n<hr>\n<h5 style=\"color: #764af1; text-align: center;\">Video \u201cFortalecimiento Institucional\u201d<\/h5>\n\n\n<figure style = \"width: 100%; height : 130%; margin : auto;\" class=\"wp-block-video\"><video controls id = \"video_fortalecimiento\"; src=\"https:\/\/isfd84-bue.infd.edu.ar\/sitio\/wp-content\/uploads\/2022\/06\/Fortalecimiento-Institucional_ISFD84.mp4\"><\/video><\/figure>\n\n\n<div style=\"font-size: 19px; text-align: center; margin: 12px;\"><a href=\"#carousel\">Ir a Carousel<\/a><p><\/p>\n<p><\/p>\n<\/div>\n\n\n<p><\/p>\n","protected":false},"excerpt":{"rendered":"<p>Carrusel de im\u00e1genes Historial de actividades institucionales Inicio de ciclo lectivo 2023 Posterior a las charlas informativas para aspirantes a la carrera, el llamado de mesas de examen y la rematriculaci\u00f3n, el d\u00eda 10 de abril comienza el ciclo lectivo 2023 con m\u00e1s de 950 estudiantes matriculados. Formaci\u00f3n en perspectiva de g\u00e9nero El instituto hizo &#8230; <a title=\"Galer\u00eda Institucional\" class=\"read-more\" href=\"https:\/\/isfd84-bue.infd.edu.ar\/sitio\/galeria-institucional\/\" aria-label=\"More on Galer\u00eda Institucional\">[+]<\/a><\/p>\n","protected":false},"author":1928,"featured_media":0,"parent":0,"menu_order":0,"comment_status":"closed","ping_status":"closed","template":"","meta":[],"acf":[],"_links":{"self":[{"href":"https:\/\/isfd84-bue.infd.edu.ar\/sitio\/wp-json\/wp\/v2\/pages\/2775"}],"collection":[{"href":"https:\/\/isfd84-bue.infd.edu.ar\/sitio\/wp-json\/wp\/v2\/pages"}],"about":[{"href":"https:\/\/isfd84-bue.infd.edu.ar\/sitio\/wp-json\/wp\/v2\/types\/page"}],"author":[{"embeddable":true,"href":"https:\/\/isfd84-bue.infd.edu.ar\/sitio\/wp-json\/wp\/v2\/users\/1928"}],"replies":[{"embeddable":true,"href":"https:\/\/isfd84-bue.infd.edu.ar\/sitio\/wp-json\/wp\/v2\/comments?post=2775"}],"version-history":[{"count":232,"href":"https:\/\/isfd84-bue.infd.edu.ar\/sitio\/wp-json\/wp\/v2\/pages\/2775\/revisions"}],"predecessor-version":[{"id":3861,"href":"https:\/\/isfd84-bue.infd.edu.ar\/sitio\/wp-json\/wp\/v2\/pages\/2775\/revisions\/3861"}],"wp:attachment":[{"href":"https:\/\/isfd84-bue.infd.edu.ar\/sitio\/wp-json\/wp\/v2\/media?parent=2775"}],"curies":[{"name":"wp","href":"https:\/\/api.w.org\/{rel}","templated":true}]}}