{"id":4506,"date":"2025-11-13T09:00:19","date_gmt":"2025-11-13T12:00:19","guid":{"rendered":"https:\/\/isfd84-bue.infd.edu.ar\/sitio\/?page_id=4506"},"modified":"2026-02-12T09:57:49","modified_gmt":"2026-02-12T12:57:49","slug":"mesas-de-examen-turno-feb-mar-2026","status":"publish","type":"page","link":"https:\/\/isfd84-bue.infd.edu.ar\/sitio\/mesas-de-examen-turno-feb-mar-2026\/","title":{"rendered":"MESAS DE EXAMEN TURNO FEBRERO\/MARZO 2026"},"content":{"rendered":"\n<p><a href=\"https:\/\/drive.google.com\/file\/d\/10V9BHBlq6kSlTE0_PJUHYKVns5dFquB7\/view?usp=sharing\" target=\"_blank\" rel=\"noreferrer noopener\">ENLACE FECHAS Y HORARIOS (Formato PDF)<\/a><\/p>\n\n\n\n<p><a href=\"https:\/\/docs.google.com\/document\/d\/18ydFNEtgq-MkghsRazyqkKZA1Gm-rkUsFP7wIwyNkqI\/edit?usp=sharing\" target=\"_blank\" rel=\"noreferrer noopener\">ENLACE INFORMACI\u00d3N CONTACTO DOCENTES<\/a><\/p>\n\n\n\n<p><strong>INSCRIPCI\u00d3N A MESAS DE EXAMEN TURNO FEBRERO\/MARZO 2026<\/strong><\/p>\n\n\n\n<p>Pautas&nbsp;y plazos para la inscripci\u00f3n a mesas examinadoras:<\/p>\n\n\n\n<p>Fecha y horario de inscripci\u00f3n: a partir del d\u00eda <strong>12 de febrero<\/strong>&nbsp;<strong>8 hs<\/strong>., por medio del M\u00f3dulo Acad\u00e9mico Administrativo ( <a href=\"https:\/\/isfd84.etnaeducacion.com.ar\/login?returnUrl=%252F\">ETNA<\/a> ). Aquel estudiante que no se encuentre en el sistema acad\u00e9mico deber\u00e1 asistir al instituto para efectivizar su inscripci\u00f3n a las mesas.<\/p>\n\n\n\n<p>En este per\u00edodo habr\u00e1:&nbsp;&nbsp;&nbsp;&nbsp;&nbsp;&nbsp;&nbsp;&nbsp;&nbsp;&nbsp;&nbsp;&nbsp;<\/p>\n\n\n\n<ul>\n<li>Mesa de examen Regulares y Libres. Si el estudiante no puede visualizar la materia a la cual se desea inscribir para rendir de \u201cforma Libre\u201d deber\u00e1 asistir al instituto para efectivizar su inscripci\u00f3n.<\/li>\n\n\n\n<li>Pueden inscribirse hasta 48 hs h\u00e1biles antes del d\u00eda de la mesa de examen, teniendo como horario m\u00e1ximo las 17 hs (no contar fines de semana y feriados).&nbsp;Como excepci\u00f3n, para las mesas del d\u00eda 18\/02, la inscripci\u00f3n cerrar\u00e1 el d\u00eda 13\/02 a las 17 hs.<\/li>\n\n\n\n<li>La inscripci\u00f3n a los finales es para todas las materias, inclusive aquellas en las que s\u00f3lo se firma libreta o se promociona.<\/li>\n\n\n\n<li>Cada estudiante podr\u00e1 revisar que no se haya prolongado el vencimiento de las cursadas (<a href=\"https:\/\/isfd84-bue.infd.edu.ar\/sitio\/vencimiento-de-cursadas\/\">https:\/\/isfd84-bue.infd.edu.ar\/sitio\/vencimiento-de-cursadas\/<\/a>).<\/li>\n\n\n\n<li>Como las mesas examinadoras son actos administrativos personales, deber\u00e1n estar presentes, a\u00fan en materias donde s\u00f3lo se firma la libreta y en aquellas materias con acreditaci\u00f3n sin examen final (promocionables).<\/li>\n\n\n\n<li>Para rendir el examen final, deber\u00e1n presentarse con la libreta de estudiante,&nbsp;el DNI y comprobante digital de inscripci\u00f3n a mesas examinadoras.<br><\/li>\n<\/ul>\n\n\n<hr style=\"height: 4px; margin-top: 15px; background-color: #398ab9;\">\n\n\n<p>Ante cualquier inquietud, no duden en comunicarse con su preceptor\/a del curso de base (Tel 491-6767 interno 301).<\/p>\n\n\n\n<p>Recordatorio: <a href=\"https:\/\/isfd84-bue.infd.edu.ar\/sitio\/regimen-de-correlatividades\/\">Tabla de correlatividades<\/a>&nbsp;&nbsp;<\/p>\n\n\n\n<p>Video Tutorial ETNA: <a href=\"https:\/\/drive.google.com\/file\/d\/1IF_8qNsQBMOjsRXhKbmXmP-sOh-JrrPo\/view?usp=sharing\">Video Tutorial<\/a><\/p>\n\n\n\n<p>Recordatorio a Estudiantes de 1er a\u00f1o: las libretas de estudiante estar\u00e1n a disposici\u00f3n el primer d\u00eda de finales para que las y los estudiantes las retiren y puedan acceder a los finales con la libreta correspondiente.<\/p>\n\n\n\n<p><\/p>\n\n\n\n<div class=\"wp-block-media-text alignwide is-stacked-on-mobile\" style=\"grid-template-columns:15% auto\"><figure class=\"wp-block-media-text__media\"><img decoding=\"async\" loading=\"lazy\" width=\"122\" height=\"123\" src=\"https:\/\/isfd84-bue.infd.edu.ar\/sitio\/wp-content\/uploads\/2025\/11\/image.png\" alt=\"\" class=\"wp-image-4660 size-full\"\/><\/figure><div class=\"wp-block-media-text__content\">\n<p>Cuota societaria anual $36000<br>Alias: coope.isfd84<br>Mail para enviar comprobante: isfd84coope@gmail.com<br>\u00a1Contamos con tu colaboraci\u00f3n!<\/p>\n<\/div><\/div>\n","protected":false},"excerpt":{"rendered":"<p>ENLACE FECHAS Y HORARIOS (Formato PDF) ENLACE INFORMACI\u00d3N CONTACTO DOCENTES INSCRIPCI\u00d3N A MESAS DE EXAMEN TURNO FEBRERO\/MARZO 2026 Pautas&nbsp;y plazos para la inscripci\u00f3n a mesas examinadoras: Fecha y horario de inscripci\u00f3n: a partir del d\u00eda 12 de febrero&nbsp;8 hs., por medio del M\u00f3dulo Acad\u00e9mico Administrativo ( ETNA ). Aquel estudiante que no se encuentre en &#8230; <a title=\"MESAS DE EXAMEN TURNO FEBRERO\/MARZO 2026\" class=\"read-more\" href=\"https:\/\/isfd84-bue.infd.edu.ar\/sitio\/mesas-de-examen-turno-feb-mar-2026\/\" aria-label=\"More on MESAS DE EXAMEN TURNO FEBRERO\/MARZO 2026\">[+]<\/a><\/p>\n","protected":false},"author":4197,"featured_media":0,"parent":0,"menu_order":0,"comment_status":"closed","ping_status":"closed","template":"","meta":[],"acf":[],"_links":{"self":[{"href":"https:\/\/isfd84-bue.infd.edu.ar\/sitio\/wp-json\/wp\/v2\/pages\/4506"}],"collection":[{"href":"https:\/\/isfd84-bue.infd.edu.ar\/sitio\/wp-json\/wp\/v2\/pages"}],"about":[{"href":"https:\/\/isfd84-bue.infd.edu.ar\/sitio\/wp-json\/wp\/v2\/types\/page"}],"author":[{"embeddable":true,"href":"https:\/\/isfd84-bue.infd.edu.ar\/sitio\/wp-json\/wp\/v2\/users\/4197"}],"replies":[{"embeddable":true,"href":"https:\/\/isfd84-bue.infd.edu.ar\/sitio\/wp-json\/wp\/v2\/comments?post=4506"}],"version-history":[{"count":19,"href":"https:\/\/isfd84-bue.infd.edu.ar\/sitio\/wp-json\/wp\/v2\/pages\/4506\/revisions"}],"predecessor-version":[{"id":4762,"href":"https:\/\/isfd84-bue.infd.edu.ar\/sitio\/wp-json\/wp\/v2\/pages\/4506\/revisions\/4762"}],"wp:attachment":[{"href":"https:\/\/isfd84-bue.infd.edu.ar\/sitio\/wp-json\/wp\/v2\/media?parent=4506"}],"curies":[{"name":"wp","href":"https:\/\/api.w.org\/{rel}","templated":true}]}}